{"id":12,"date":"2012-04-17T14:54:23","date_gmt":"2012-04-17T14:54:23","guid":{"rendered":"http:\/\/www.squashcamp.se\/?page_id=12"},"modified":"2015-03-29T15:33:11","modified_gmt":"2015-03-29T15:33:11","slug":"program","status":"publish","type":"page","link":"https:\/\/www.squashcamp.se\/?page_id=12","title":{"rendered":"Program"},"content":{"rendered":"<p><strong><span style=\"text-decoration: underline;\">Program<br \/>\n<\/span><\/strong>Det kommer att bli mycket squash, teknik, taktik &amp; regelkunskap samt utomhustr\u00e4ning, men det blir \u00e4ven tid f\u00f6r bad och andra aktiviteter om v\u00e4dret till\u00e5ter. L\u00e4gret blir starten p\u00e5 den kommande s\u00e4songen och alla deltagare skall f\u00e5 tr\u00e4ningstips med sig hem. Det kommer att finnas en tr\u00e4nare per 8 deltagare &#8211; dessutom kommer det att finnas g\u00e4stspelare som hj\u00e4lper till att matcha. Det kommer att bli intensiva och roliga dagar.<\/p>\n<p>&nbsp;<\/p>\n","protected":false},"excerpt":{"rendered":"<p>Program Det kommer att bli mycket squash, teknik, taktik &amp; regelkunskap samt utomhustr\u00e4ning, men det blir \u00e4ven tid f\u00f6r bad och andra aktiviteter om v\u00e4dret till\u00e5ter. L\u00e4gret blir starten p\u00e5 den kommande s\u00e4songen och alla deltagare skall f\u00e5 tr\u00e4ningstips med sig hem. Det kommer att finnas en tr\u00e4nare per 8 deltagare &#8211; dessutom kommer det &hellip; <\/p>\n<p class=\"link-more\"><a href=\"https:\/\/www.squashcamp.se\/?page_id=12\" class=\"more-link\">Forts\u00e4tt l\u00e4sa<span class=\"screen-reader-text\"> \u201dProgram\u201d<\/span><\/a><\/p>\n","protected":false},"author":1,"featured_media":0,"parent":0,"menu_order":0,"comment_status":"closed","ping_status":"closed","template":"","meta":{"footnotes":""},"class_list":["post-12","page","type-page","status-publish","hentry"],"_links":{"self":[{"href":"https:\/\/www.squashcamp.se\/index.php?rest_route=\/wp\/v2\/pages\/12","targetHints":{"allow":["GET"]}}],"collection":[{"href":"https:\/\/www.squashcamp.se\/index.php?rest_route=\/wp\/v2\/pages"}],"about":[{"href":"https:\/\/www.squashcamp.se\/index.php?rest_route=\/wp\/v2\/types\/page"}],"author":[{"embeddable":true,"href":"https:\/\/www.squashcamp.se\/index.php?rest_route=\/wp\/v2\/users\/1"}],"replies":[{"embeddable":true,"href":"https:\/\/www.squashcamp.se\/index.php?rest_route=%2Fwp%2Fv2%2Fcomments&post=12"}],"version-history":[{"count":5,"href":"https:\/\/www.squashcamp.se\/index.php?rest_route=\/wp\/v2\/pages\/12\/revisions"}],"predecessor-version":[{"id":386,"href":"https:\/\/www.squashcamp.se\/index.php?rest_route=\/wp\/v2\/pages\/12\/revisions\/386"}],"wp:attachment":[{"href":"https:\/\/www.squashcamp.se\/index.php?rest_route=%2Fwp%2Fv2%2Fmedia&parent=12"}],"curies":[{"name":"wp","href":"https:\/\/api.w.org\/{rel}","templated":true}]}}